{"id":68,"date":"2021-06-09T12:22:03","date_gmt":"2021-06-09T10:22:03","guid":{"rendered":"http:\/\/lieu-roussel.fr\/?page_id=68"},"modified":"2022-07-14T16:09:16","modified_gmt":"2022-07-14T14:09:16","slug":"films","status":"publish","type":"page","link":"https:\/\/lieu-roussel.fr\/?page_id=68","title":{"rendered":"Films \/ M\u00e9dias"},"content":{"rendered":"\n<h2><strong>\u00c9mission &#8220;l&#8217;\u00e9t\u00e9 \u00e0 la ferme&#8221;, diffus\u00e9e sur France Bleu Normandie du 28\/06\/2021 au 02\/07\/2021<\/strong><\/h2>\n\n\n\n<p>Diffus\u00e9 en 5 \u00e9pisodes<\/p>\n\n\n\n<figure class=\"wp-block-audio\"><audio controls src=\"https:\/\/lieu-roussel.fr\/wp-content\/uploads\/2021\/07\/france-bleu-BN-episode-1.mp3\"><\/audio><figcaption><strong>La ferme du Lieu Roussel (1\/5): l&#8217;\u00e2ne, la mascotte<\/strong><br><a href=\"https:\/\/www.francebleu.fr\/emissions\/l-ete-a-la-ferme\/la-ferme-du-lieu-roussel-1-5-l-ane-la-mascotte\" target=\"_blank\" rel=\"noreferrer noopener\">https:\/\/www.francebleu.fr\/emissions\/l-ete-a-la-ferme\/la-ferme-du-lieu-roussel-1-5-l-ane-la-mascotte<\/a><\/figcaption><\/figure>\n\n\n\n<figure class=\"wp-block-audio\"><audio controls src=\"https:\/\/lieu-roussel.fr\/wp-content\/uploads\/2021\/07\/france-bleu-BN-episode-2.mp3\"><\/audio><figcaption><strong>La ferme du Lieu Roussel (2\/5): La brebis, la docile<\/strong><br><a href=\"https:\/\/www.francebleu.fr\/emissions\/l-ete-a-la-ferme\/ferme-du-lieu-roussel-2-5-la-brebis-la-docile\" target=\"_blank\" rel=\"noreferrer noopener\">https:\/\/www.francebleu.fr\/emissions\/l-ete-a-la-ferme\/ferme-du-lieu-roussel-2-5-la-brebis-la-docile<\/a><\/figcaption><\/figure>\n\n\n\n<figure class=\"wp-block-audio\"><audio controls src=\"https:\/\/lieu-roussel.fr\/wp-content\/uploads\/2021\/07\/france-bleu-BN-episode-3.mp3\"><\/audio><figcaption><strong>La ferme du Lieu Roussel (3\/5): Le cochon, le farceur<\/strong> <br><a href=\"https:\/\/www.francebleu.fr\/emissions\/l-ete-a-la-ferme\/ferme-du-lieu-roussel-3-5-le-cochon-le-farceur\" target=\"_blank\" rel=\"noreferrer noopener\">https:\/\/www.francebleu.fr\/emissions\/l-ete-a-la-ferme\/ferme-du-lieu-roussel-3-5-le-cochon-le-farceur<\/a><\/figcaption><\/figure>\n\n\n\n<figure class=\"wp-block-audio\"><audio controls src=\"https:\/\/lieu-roussel.fr\/wp-content\/uploads\/2021\/07\/france-bleu-BN-episode-4.mp3\"><\/audio><figcaption><strong>La ferme du Lieu Roussel (4\/5): La biquette, la cascadeuse<\/strong><br><a href=\"https:\/\/www.francebleu.fr\/emissions\/l-ete-a-la-ferme\/ferme-du-lieu-roussel-4-5-la-biquette-la-cascadeuse\" target=\"_blank\" rel=\"noreferrer noopener\">https:\/\/www.francebleu.fr\/emissions\/l-ete-a-la-ferme\/ferme-du-lieu-roussel-4-5-la-biquette-la-cascadeuse<\/a><\/figcaption><\/figure>\n\n\n\n<figure class=\"wp-block-audio\"><audio controls src=\"https:\/\/lieu-roussel.fr\/wp-content\/uploads\/2021\/07\/france-bleu-BN-episode-5.mp3\"><\/audio><figcaption><strong>La ferme du Lieu Roussel (5\/5): La vache, la laiti\u00e8re<\/strong> <br><a href=\"https:\/\/www.francebleu.fr\/emissions\/l-ete-a-la-ferme\/ferme-du-lieu-roussel-5-5-la-vache-la-laitiere\" target=\"_blank\" rel=\"noreferrer noopener\">https:\/\/www.francebleu.fr\/emissions\/l-ete-a-la-ferme\/ferme-du-lieu-roussel-5-5-la-vache-la-laitiere<\/a><\/figcaption><\/figure>\n\n\n\n<h2><strong>Podcast &#8220;L&#8217;info durable&#8221;, diffus\u00e9 le 23\/04\/2020<\/strong><\/h2>\n\n\n\n<p>Eric nous parle de <strong>sa vision de l&#8217;agriculture<\/strong>, du chemin qu&#8217;il a parcouru pour \u00e9voluer vers une activit\u00e9 de ferme p\u00e9dagogique en agriculture biologique : &#8220;<strong>Je ne vends plus \u00e0 l&#8217;agroalimentaire, je travaille avec les<\/strong> <strong>consommateurs<\/strong>&#8220;. <\/p>\n\n\n\n<figure class=\"wp-block-audio\"><audio controls src=\"https:\/\/lieu-roussel.fr\/wp-content\/uploads\/2022\/07\/EohkLvsoW4S6VNmkYT5H8XLIMHTzACpuUR6POCQr-1.mp3\"><\/audio><\/figure>\n\n\n\n<h2><strong>TPMP au lieu Roussel, diffus\u00e9 le 14\/02\/2017<\/strong><\/h2>\n\n\n\n<p>Quand deux animateurs de TPMP se rendent \u00e0 la ferme de R\u00e9gine et Eric, voil\u00e0 ce que cela donne !<\/p>\n\n\n\n<figure class=\"wp-block-embed is-type-video is-provider-youtube wp-block-embed-youtube wp-embed-aspect-16-9 wp-has-aspect-ratio\"><div class=\"wp-block-embed__wrapper\">\n<iframe loading=\"lazy\" title=\"Matthieu Delormeau et Capucine Anav \u00e0 la ferme ! - TPMP\" width=\"843\" height=\"474\" src=\"https:\/\/www.youtube.com\/embed\/ZwKtTzvRvqo?feature=oembed\" frameborder=\"0\" allow=\"accelerometer; autoplay; clipboard-write; encrypted-media; gyroscope; picture-in-picture\" allowfullscreen><\/iframe>\n<\/div><\/figure>\n\n\n\n<h2>E=M6 au lieu Roussel &#8211; La campagne, c&#8217;est bon pour la sant\u00e9 ?<\/h2>\n\n\n\n<p>Retrouvez Eric le fermier avec l&#8217;\u00e9quipe d&#8217;E=M6. L&#8217;\u00e9quipe d&#8217;E=M6 nous explique pourquoi la campagne est si bonne pour la sant\u00e9&#8230;<\/p>\n\n\n\n<figure class=\"wp-block-embed is-type-video is-provider-youtube wp-block-embed-youtube wp-embed-aspect-4-3 wp-has-aspect-ratio\"><div class=\"wp-block-embed__wrapper\">\n<iframe loading=\"lazy\" title=\"E=m6 au Lieu Roussel\" width=\"843\" height=\"632\" src=\"https:\/\/www.youtube.com\/embed\/hud0WRsTHSw?feature=oembed\" frameborder=\"0\" allow=\"accelerometer; autoplay; clipboard-write; encrypted-media; gyroscope; picture-in-picture\" allowfullscreen><\/iframe>\n<\/div><\/figure>\n\n\n\n<p><\/p>\n","protected":false},"excerpt":{"rendered":"<p>\u00c9mission &#8220;l&#8217;\u00e9t\u00e9 \u00e0 la ferme&#8221;, diffus\u00e9e sur France Bleu Normandie du 28\/06\/2021 au 02\/07\/2021 Diffus\u00e9 en 5 \u00e9pisodes Podcast &#8220;L&#8217;info durable&#8221;, diffus\u00e9 le 23\/04\/2020 Eric&hellip;<\/p>\n","protected":false},"author":1,"featured_media":0,"parent":0,"menu_order":0,"comment_status":"closed","ping_status":"closed","template":"","meta":[],"_links":{"self":[{"href":"https:\/\/lieu-roussel.fr\/index.php?rest_route=\/wp\/v2\/pages\/68"}],"collection":[{"href":"https:\/\/lieu-roussel.fr\/index.php?rest_route=\/wp\/v2\/pages"}],"about":[{"href":"https:\/\/lieu-roussel.fr\/index.php?rest_route=\/wp\/v2\/types\/page"}],"author":[{"embeddable":true,"href":"https:\/\/lieu-roussel.fr\/index.php?rest_route=\/wp\/v2\/users\/1"}],"replies":[{"embeddable":true,"href":"https:\/\/lieu-roussel.fr\/index.php?rest_route=%2Fwp%2Fv2%2Fcomments&post=68"}],"version-history":[{"count":20,"href":"https:\/\/lieu-roussel.fr\/index.php?rest_route=\/wp\/v2\/pages\/68\/revisions"}],"predecessor-version":[{"id":398,"href":"https:\/\/lieu-roussel.fr\/index.php?rest_route=\/wp\/v2\/pages\/68\/revisions\/398"}],"wp:attachment":[{"href":"https:\/\/lieu-roussel.fr\/index.php?rest_route=%2Fwp%2Fv2%2Fmedia&parent=68"}],"curies":[{"name":"wp","href":"https:\/\/api.w.org\/{rel}","templated":true}]}}

Films / Médias

<h2><strong>Émission &#8220;l&#8217;été à la ferme&#8221;, diffusée sur France Bleu Normandie du 28/06/2021 au 02/07/2021</strong></h2>



<p>Diffusé en 5 épisodes</p>



<figure class="wp-block-audio"><audio controls src="https://lieu-roussel.fr/wp-content/uploads/2021/07/france-bleu-BN-episode-1.mp3"></audio><figcaption><strong>La ferme du Lieu Roussel (1/5): l&#8217;âne, la mascotte</strong><br><a href="https://www.francebleu.fr/emissions/l-ete-a-la-ferme/la-ferme-du-lieu-roussel-1-5-l-ane-la-mascotte" target="_blank" rel="noreferrer noopener">https://www.francebleu.fr/emissions/l-ete-a-la-ferme/la-ferme-du-lieu-roussel-1-5-l-ane-la-mascotte</a></figcaption></figure>



<figure class="wp-block-audio"><audio controls src="https://lieu-roussel.fr/wp-content/uploads/2021/07/france-bleu-BN-episode-2.mp3"></audio><figcaption><strong>La ferme du Lieu Roussel (2/5): La brebis, la docile</strong><br><a href="https://www.francebleu.fr/emissions/l-ete-a-la-ferme/ferme-du-lieu-roussel-2-5-la-brebis-la-docile" target="_blank" rel="noreferrer noopener">https://www.francebleu.fr/emissions/l-ete-a-la-ferme/ferme-du-lieu-roussel-2-5-la-brebis-la-docile</a></figcaption></figure>



<figure class="wp-block-audio"><audio controls src="https://lieu-roussel.fr/wp-content/uploads/2021/07/france-bleu-BN-episode-3.mp3"></audio><figcaption><strong>La ferme du Lieu Roussel (3/5): Le cochon, le farceur</strong> <br><a href="https://www.francebleu.fr/emissions/l-ete-a-la-ferme/ferme-du-lieu-roussel-3-5-le-cochon-le-farceur" target="_blank" rel="noreferrer noopener">https://www.francebleu.fr/emissions/l-ete-a-la-ferme/ferme-du-lieu-roussel-3-5-le-cochon-le-farceur</a></figcaption></figure>



<figure class="wp-block-audio"><audio controls src="https://lieu-roussel.fr/wp-content/uploads/2021/07/france-bleu-BN-episode-4.mp3"></audio><figcaption><strong>La ferme du Lieu Roussel (4/5): La biquette, la cascadeuse</strong><br><a href="https://www.francebleu.fr/emissions/l-ete-a-la-ferme/ferme-du-lieu-roussel-4-5-la-biquette-la-cascadeuse" target="_blank" rel="noreferrer noopener">https://www.francebleu.fr/emissions/l-ete-a-la-ferme/ferme-du-lieu-roussel-4-5-la-biquette-la-cascadeuse</a></figcaption></figure>



<figure class="wp-block-audio"><audio controls src="https://lieu-roussel.fr/wp-content/uploads/2021/07/france-bleu-BN-episode-5.mp3"></audio><figcaption><strong>La ferme du Lieu Roussel (5/5): La vache, la laitière</strong> <br><a href="https://www.francebleu.fr/emissions/l-ete-a-la-ferme/ferme-du-lieu-roussel-5-5-la-vache-la-laitiere" target="_blank" rel="noreferrer noopener">https://www.francebleu.fr/emissions/l-ete-a-la-ferme/ferme-du-lieu-roussel-5-5-la-vache-la-laitiere</a></figcaption></figure>



<h2><strong>Podcast &#8220;L&#8217;info durable&#8221;, diffusé le 23/04/2020</strong></h2>



<p>Eric nous parle de <strong>sa vision de l&#8217;agriculture</strong>, du chemin qu&#8217;il a parcouru pour évoluer vers une activité de ferme pédagogique en agriculture biologique : &#8220;<strong>Je ne vends plus à l&#8217;agroalimentaire, je travaille avec les</strong> <strong>consommateurs</strong>&#8220;. </p>



<figure class="wp-block-audio"><audio controls src="https://lieu-roussel.fr/wp-content/uploads/2022/07/EohkLvsoW4S6VNmkYT5H8XLIMHTzACpuUR6POCQr-1.mp3"></audio></figure>



<h2><strong>TPMP au lieu Roussel, diffusé le 14/02/2017</strong></h2>



<p>Quand deux animateurs de TPMP se rendent à la ferme de Régine et Eric, voilà ce que cela donne !</p>



<figure class="wp-block-embed is-type-video is-provider-youtube wp-block-embed-youtube wp-embed-aspect-16-9 wp-has-aspect-ratio"><div class="wp-block-embed__wrapper">
<iframe loading="lazy" title="Matthieu Delormeau et Capucine Anav à la ferme ! - TPMP" width="843" height="474" src="https://www.youtube.com/embed/ZwKtTzvRvqo?feature=oembed" frameborder="0" allow="accelerometer; autoplay; clipboard-write; encrypted-media; gyroscope; picture-in-picture" allowfullscreen></iframe>
</div></figure>



<h2>E=M6 au lieu Roussel &#8211; La campagne, c&#8217;est bon pour la santé ?</h2>



<p>Retrouvez Eric le fermier avec l&#8217;équipe d&#8217;E=M6. L&#8217;équipe d&#8217;E=M6 nous explique pourquoi la campagne est si bonne pour la santé&#8230;</p>



<figure class="wp-block-embed is-type-video is-provider-youtube wp-block-embed-youtube wp-embed-aspect-4-3 wp-has-aspect-ratio"><div class="wp-block-embed__wrapper">
<iframe loading="lazy" title="E=m6 au Lieu Roussel" width="843" height="632" src="https://www.youtube.com/embed/hud0WRsTHSw?feature=oembed" frameborder="0" allow="accelerometer; autoplay; clipboard-write; encrypted-media; gyroscope; picture-in-picture" allowfullscreen></iframe>
</div></figure>



<p></p>

<p>Émission &#8220;l&#8217;été à la ferme&#8221;, diffusée sur France Bleu Normandie du 28/06/2021 au 02/07/2021 Diffusé en 5 épisodes Podcast &#8220;L&#8217;info durable&#8221;, diffusé le 23/04/2020 Eric&hellip;</p>
