{"id":105,"date":"2021-06-09T12:36:04","date_gmt":"2021-06-09T10:36:04","guid":{"rendered":"http:\/\/lieu-roussel.fr\/?page_id=105"},"modified":"2026-04-01T12:00:41","modified_gmt":"2026-04-01T10:00:41","slug":"accueil","status":"publish","type":"page","link":"https:\/\/lieu-roussel.fr\/","title":{"rendered":"Accueil"},"content":{"rendered":"\n<p class=\"has-text-align-center\"><strong><em>La ferme est notre lieu de travail.<br>Nous vous accueillons pour vous faire d\u00e9couvrir<br>notre m\u00e9tier d\u2019exploitant agricole et<br>l\u2019origine des produits que l\u2019on mange.<\/em><\/strong><\/p>\n\n\n\n<div class=\"wp-block-contact-form-7-contact-form-selector\"><div role=\"form\" class=\"wpcf7\" id=\"wpcf7-f494-o1\" lang=\"fr-FR\" dir=\"ltr\">\n<div class=\"screen-reader-response\"><p role=\"status\" aria-live=\"polite\" aria-atomic=\"true\"><\/p> <ul><\/ul><\/div>\n<form action=\"\/index.php?rest_route=%2Fwp%2Fv2%2Fpages%2F105#wpcf7-f494-o1\" method=\"post\" class=\"wpcf7-form init\" novalidate=\"novalidate\" data-status=\"init\">\n<div style=\"display: none;\">\n<input type=\"hidden\" name=\"_wpcf7\" value=\"494\" \/>\n<input type=\"hidden\" name=\"_wpcf7_version\" value=\"5.6\" \/>\n<input type=\"hidden\" name=\"_wpcf7_locale\" value=\"fr_FR\" \/>\n<input type=\"hidden\" name=\"_wpcf7_unit_tag\" value=\"wpcf7-f494-o1\" \/>\n<input type=\"hidden\" name=\"_wpcf7_container_post\" value=\"0\" \/>\n<input type=\"hidden\" name=\"_wpcf7_posted_data_hash\" value=\"\" \/>\n<\/div>\n<p><label> Entrez votre adresse e-mail si vous voulez \u00eatre inform\u00e9 de nos journ\u00e9es sp\u00e9ciales<br \/>\n    <span class=\"wpcf7-form-control-wrap\" data-name=\"your-email\"><input type=\"email\" name=\"your-email\" value=\"\" size=\"40\" class=\"wpcf7-form-control wpcf7-text wpcf7-email wpcf7-validates-as-required wpcf7-validates-as-email\" aria-required=\"true\" aria-invalid=\"false\" \/><\/span> <\/label><\/p>\n<p><input type=\"submit\" value=\"Envoyer\" class=\"wpcf7-form-control has-spinner wpcf7-submit\" \/><\/p>\n<p><script>\ndocument.addEventListener( 'wpcf7mailsent', function( event ) {\n    setTimeout( () => {\n        location = 'https:\/\/lieu-roussel.fr\/';\n    }, 5000 ); \/\/ Wait for 5 seconds to redirect.\n}, false );\n<\/script><\/p>\n<div class=\"wpcf7-response-output\" aria-hidden=\"true\"><\/div><\/form><\/div><\/div>\n\n\n\n<figure class=\"wp-block-image size-large\"><img loading=\"lazy\" width=\"1024\" height=\"724\" src=\"https:\/\/lieu-roussel.fr\/wp-content\/uploads\/2026\/04\/Tonte-brebis-2026-1024x724.jpg\" alt=\"\" class=\"wp-image-540\" srcset=\"https:\/\/lieu-roussel.fr\/wp-content\/uploads\/2026\/04\/Tonte-brebis-2026-1024x724.jpg 1024w, https:\/\/lieu-roussel.fr\/wp-content\/uploads\/2026\/04\/Tonte-brebis-2026-300x212.jpg 300w, https:\/\/lieu-roussel.fr\/wp-content\/uploads\/2026\/04\/Tonte-brebis-2026-768x543.jpg 768w, https:\/\/lieu-roussel.fr\/wp-content\/uploads\/2026\/04\/Tonte-brebis-2026.jpg 1123w\" sizes=\"(max-width: 1024px) 100vw, 1024px\" \/><\/figure>\n\n\n\n<figure class=\"wp-block-image size-large\"><img loading=\"lazy\" width=\"1024\" height=\"724\" src=\"https:\/\/lieu-roussel.fr\/wp-content\/uploads\/2025\/09\/Ferme-pas-comme-les-autres-1024x724.jpg\" alt=\"\" class=\"wp-image-529\" srcset=\"https:\/\/lieu-roussel.fr\/wp-content\/uploads\/2025\/09\/Ferme-pas-comme-les-autres-1024x724.jpg 1024w, https:\/\/lieu-roussel.fr\/wp-content\/uploads\/2025\/09\/Ferme-pas-comme-les-autres-300x212.jpg 300w, https:\/\/lieu-roussel.fr\/wp-content\/uploads\/2025\/09\/Ferme-pas-comme-les-autres-768x543.jpg 768w, https:\/\/lieu-roussel.fr\/wp-content\/uploads\/2025\/09\/Ferme-pas-comme-les-autres.jpg 1123w\" sizes=\"(max-width: 1024px) 100vw, 1024px\" \/><\/figure>\n\n\n\n<figure class=\"wp-block-image size-large\"><img loading=\"lazy\" width=\"1024\" height=\"736\" src=\"https:\/\/lieu-roussel.fr\/wp-content\/uploads\/2025\/06\/004-1024x736.jpg\" alt=\"\" class=\"wp-image-524\" srcset=\"https:\/\/lieu-roussel.fr\/wp-content\/uploads\/2025\/06\/004-1024x736.jpg 1024w, https:\/\/lieu-roussel.fr\/wp-content\/uploads\/2025\/06\/004-300x216.jpg 300w, https:\/\/lieu-roussel.fr\/wp-content\/uploads\/2025\/06\/004-768x552.jpg 768w, https:\/\/lieu-roussel.fr\/wp-content\/uploads\/2025\/06\/004-1536x1104.jpg 1536w, https:\/\/lieu-roussel.fr\/wp-content\/uploads\/2025\/06\/004-2048x1472.jpg 2048w\" sizes=\"(max-width: 1024px) 100vw, 1024px\" \/><\/figure>\n\n\n\n<figure class=\"wp-block-image size-large\"><img loading=\"lazy\" width=\"1024\" height=\"736\" src=\"https:\/\/lieu-roussel.fr\/wp-content\/uploads\/2025\/06\/003-1024x736.jpg\" alt=\"\" class=\"wp-image-525\" srcset=\"https:\/\/lieu-roussel.fr\/wp-content\/uploads\/2025\/06\/003-1024x736.jpg 1024w, https:\/\/lieu-roussel.fr\/wp-content\/uploads\/2025\/06\/003-300x216.jpg 300w, https:\/\/lieu-roussel.fr\/wp-content\/uploads\/2025\/06\/003-768x552.jpg 768w, https:\/\/lieu-roussel.fr\/wp-content\/uploads\/2025\/06\/003-1536x1104.jpg 1536w, https:\/\/lieu-roussel.fr\/wp-content\/uploads\/2025\/06\/003-2048x1472.jpg 2048w\" sizes=\"(max-width: 1024px) 100vw, 1024px\" \/><\/figure>\n\n\n\n<figure class=\"wp-block-image size-large\"><img loading=\"lazy\" width=\"1024\" height=\"736\" src=\"https:\/\/lieu-roussel.fr\/wp-content\/uploads\/2025\/06\/002-1024x736.jpg\" alt=\"\" class=\"wp-image-526\" srcset=\"https:\/\/lieu-roussel.fr\/wp-content\/uploads\/2025\/06\/002-1024x736.jpg 1024w, https:\/\/lieu-roussel.fr\/wp-content\/uploads\/2025\/06\/002-300x216.jpg 300w, https:\/\/lieu-roussel.fr\/wp-content\/uploads\/2025\/06\/002-768x552.jpg 768w, https:\/\/lieu-roussel.fr\/wp-content\/uploads\/2025\/06\/002-1536x1104.jpg 1536w, https:\/\/lieu-roussel.fr\/wp-content\/uploads\/2025\/06\/002-2048x1472.jpg 2048w\" sizes=\"(max-width: 1024px) 100vw, 1024px\" \/><\/figure>\n\n\n\n<div class=\"wp-block-image\"><figure class=\"aligncenter size-large\"><img loading=\"lazy\" width=\"653\" height=\"1024\" src=\"https:\/\/lieu-roussel.fr\/wp-content\/uploads\/2023\/07\/Scan_0111-653x1024.jpg\" alt=\"\" class=\"wp-image-425\" srcset=\"https:\/\/lieu-roussel.fr\/wp-content\/uploads\/2023\/07\/Scan_0111-653x1024.jpg 653w, https:\/\/lieu-roussel.fr\/wp-content\/uploads\/2023\/07\/Scan_0111-191x300.jpg 191w, https:\/\/lieu-roussel.fr\/wp-content\/uploads\/2023\/07\/Scan_0111-768x1204.jpg 768w, https:\/\/lieu-roussel.fr\/wp-content\/uploads\/2023\/07\/Scan_0111-980x1536.jpg 980w, https:\/\/lieu-roussel.fr\/wp-content\/uploads\/2023\/07\/Scan_0111-1307x2048.jpg 1307w, https:\/\/lieu-roussel.fr\/wp-content\/uploads\/2023\/07\/Scan_0111-scaled.jpg 1633w\" sizes=\"(max-width: 653px) 100vw, 653px\" \/><\/figure><\/div>\n\n\n\n<div class=\"wp-block-image\"><figure class=\"aligncenter size-large\"><img loading=\"lazy\" width=\"214\" height=\"102\" src=\"https:\/\/lieu-roussel.fr\/wp-content\/uploads\/2021\/06\/ab.jpg\" alt=\"\" class=\"wp-image-126\"\/><\/figure><\/div>\n\n\n\n<div class=\"wp-block-image\"><figure class=\"aligncenter size-large\"><a href=\"https:\/\/www.normandiealaferme.com\/normandie\/calvados\/douville-en-auge\/ferme\/ferme-du-lieu-roussel\/126920\" target=\"_blank\" rel=\"noopener\"><img loading=\"lazy\" width=\"79\" height=\"88\" src=\"https:\/\/lieu-roussel.fr\/wp-content\/uploads\/2021\/07\/baf-1.jpg\" alt=\"\" class=\"wp-image-306\"\/><\/a><\/figure><\/div>\n\n\n\n<div class=\"wp-block-image\"><figure class=\"aligncenter size-large\"><a href=\"https:\/\/www.gites-de-france-calvados.fr\/location-vacances-Gites-etape-sejour-Le-Lieu-Roussel-a-Douville-en-auge-14G8012.html\" target=\"_blank\" rel=\"noopener\"><img loading=\"lazy\" width=\"96\" height=\"95\" src=\"https:\/\/lieu-roussel.fr\/wp-content\/uploads\/2021\/07\/page6_2.jpg\" alt=\"\" class=\"wp-image-202\"\/><\/a><\/figure><\/div>\n","protected":false},"excerpt":{"rendered":"<p>La ferme est notre lieu de travail.Nous vous accueillons pour vous faire d\u00e9couvrirnotre m\u00e9tier d\u2019exploitant agricole etl\u2019origine des produits que l\u2019on mange.<\/p>\n","protected":false},"author":1,"featured_media":0,"parent":0,"menu_order":0,"comment_status":"closed","ping_status":"closed","template":"","meta":[],"_links":{"self":[{"href":"https:\/\/lieu-roussel.fr\/index.php?rest_route=\/wp\/v2\/pages\/105"}],"collection":[{"href":"https:\/\/lieu-roussel.fr\/index.php?rest_route=\/wp\/v2\/pages"}],"about":[{"href":"https:\/\/lieu-roussel.fr\/index.php?rest_route=\/wp\/v2\/types\/page"}],"author":[{"embeddable":true,"href":"https:\/\/lieu-roussel.fr\/index.php?rest_route=\/wp\/v2\/users\/1"}],"replies":[{"embeddable":true,"href":"https:\/\/lieu-roussel.fr\/index.php?rest_route=%2Fwp%2Fv2%2Fcomments&post=105"}],"version-history":[{"count":42,"href":"https:\/\/lieu-roussel.fr\/index.php?rest_route=\/wp\/v2\/pages\/105\/revisions"}],"predecessor-version":[{"id":541,"href":"https:\/\/lieu-roussel.fr\/index.php?rest_route=\/wp\/v2\/pages\/105\/revisions\/541"}],"wp:attachment":[{"href":"https:\/\/lieu-roussel.fr\/index.php?rest_route=%2Fwp%2Fv2%2Fmedia&parent=105"}],"curies":[{"name":"wp","href":"https:\/\/api.w.org\/{rel}","templated":true}]}}